he prime factors of 12069889?
13, 928453
List the prime factors of 510703774.
2, 7, 19, 274277
What are the prime factors of 326459361?
3, 6841, 15907
List the prime factors of 1650247123.
7, 235749589
List the prime factors of 92625499.
4799, 19301
What are the prime factors of 790477848?
2, 3, 10978859
List the prime factors of 5744812.
2, 1436203
List the prime factors of 410765089.
7, 1061, 7901
List the prime factors of 147981095.
5, 41, 721859
What are the prime factors of 132739831?
7, 23, 37, 22283
List the prime factors of 163294852.
2, 7, 241, 3457
List the prime factors of 240710392.
2, 13, 19, 61, 1997
List the prime factors of 351430303.
7, 151, 47497
What are the prime factors of 138437849?
11, 12585259
List the prime factors of 12513820.
2, 5, 11, 5171
List the prime factors of 42220803.
3, 14073601
What are the prime factors of 3385153632?
2, 3, 7, 719633
List the prime factors of 1046972710.
2, 5, 7, 17, 125687
List the prime factors of 40361426.
2, 7, 431, 6689
List the prime factors of 757255033.
137, 983, 5623
What are the prime factors of 61772526?
2, 3, 17, 23, 67, 131
What are the prime factors of 22090329?
3, 47, 52223
What are the prime factors of 163031046?
2, 3, 31, 73, 12007
List the prime factors of 2029062817.
41, 103, 11719
What are the prime factors of 36944614?
2, 7, 2638901
What are the prime factors of 167093312?
2, 53, 49261
What are the prime factors of 117367403?
239, 683, 719
What are the prime factors of 5177971145?
5, 673, 1538773
What are the prime factors of 58308172?
2, 13, 43, 89, 293
What are the prime factors of 778132593?
3, 7, 19, 92867
List the prime factors of 350282445.
3, 5, 29, 79, 10193
What are the prime factors of 6328808?
2, 73, 10837
What are the prime factors of 250185595?
5, 11, 313, 14533
What are the prime factors of 410810324?
2, 19, 41, 131839
List the prime factors of 1834064755.
5, 8573, 42787
List the prime factors of 215116621.
1163, 184967
What are the prime factors of 423245031?
3, 11, 12825607
What are the prime factors of 1715655080?
2, 5, 29, 1479013
List the prime factors of 781847339.
7, 13, 113, 139, 547
List the prime factors of 97801012.
2, 137, 178469
What are the prime factors of 17840540?
2, 5, 892027
List the prime factors of 12918489.
3, 1913, 2251
List the prime factors of 3727958.
2, 13, 127, 1129
List the prime factors of 126681508.
2, 379, 83563
List the prime factors of 123763008.
2, 3, 644599
List the prime factors of 233769607.
233769607
List the prime factors of 4220877810.
2, 3, 5, 17, 8276231
What are the prime factors of 84637459?
43, 47, 41879
List the prime factors of 43420077.
3, 157, 10243
What are the prime factors of 77960611?
77960611
What are the prime factors of 126871948?
2, 7, 59, 61, 1259
List the prime factors of 833413492.
2, 19, 283, 38749
List the prime factors of 29967595.
5, 7, 37, 73, 317
What are the prime factors of 74977882?
2, 7, 5355563
List the prime factors of 70101017.
7, 47, 61, 499
What are the prime factors of 116320032?
2, 3, 403889
List the prime factors of 357724506.
2, 3, 17, 701, 5003
What are the prime factors of 43798291?
41, 1068251
List the prime factors of 1283512127.
31, 41403617
List the prime factors of 43099865.
5, 53, 162641
List the prime factors of 311753766.
2, 3, 211, 246251
List the prime factors of 520941233.
173, 3011221
List the prime factors of 949619580.
2, 3, 5, 7, 13, 173923
List the prime factors of 15356473.
11, 126913
What are the prime factors of 7275696168?
2, 3, 13, 23, 1013893
List the prime factors of 828174268.
2, 59, 233, 15061
List the prime factors of 1359630180.
2, 3, 5, 2269, 3329
What are the prime factors of 202238259?
3, 101, 811, 823
What are the prime factors of 134913642?
2, 3, 19, 199, 313
List the prime factors of 798140677.
181, 191, 23087
What are the prime factors of 44767265?
5, 47, 197, 967
What are the prime factors of 55111156?
2, 13777789
What are the prime factors of 195312009?
3, 467, 139409
What are the prime factors of 3385721869?
733, 4618993
List the prime factors of 344511089.
13, 23, 59, 331
List the prime factors of 29595575.
5, 67, 17669
What are the prime factors of 732827255?
5, 6581, 22271
List the prime factors of 956612128.
2, 29894129
What are the prime factors of 42963169?
42963169
What are the prime factors of 57016438?
2, 28508219
What are the prime factors of 903070010?
2, 5, 103, 113, 7759
What are the prime factors of 39242067?
3, 181, 72269
List the prime factors of 43581370.
2, 5, 7, 17, 53, 691
List the prime factors of 87079320.
2, 3, 5, 80629
What are the prime factors of 205800336?
2, 3, 7, 61, 3347
What are the prime factors of 127919648?
2, 499, 8011
What are the prime factors of 543425260?
2, 5, 7, 3881609
List the prime factors of 1523052892.
2, 380763223
What are the prime factors of 1991316138?
2, 3, 7, 601, 78889
List the prime factors of 149338864.
2, 29, 321851
List the prime factors of 5272171553.
11, 479288323
What are the prime factors of 2890942732?
2, 113, 6395891
List the prime factors of 900485054.
2, 7, 9188623
List the prime factors of 601973154.
2, 3, 463, 24077
What are the prime factors of 1235024598?
2, 3, 8317, 24749
What are the prime factors of 34756810?
2, 5, 11, 107, 2953
What are the prime factors of 109776734?
2, 109, 503563
List the prime factors of 197277366.
2, 3, 11, 13, 31, 7417
List the prime factors of 649341272.
2, 41, 929, 2131
What are the prime factors of 266115951?
3, 37, 799147
List the prime factors of 1337642993.
23, 1289, 45119
What are the prime factors of 3247714316?
2, 7, 11, 67, 22483
What are the prime factors of 88982528?
2, 113, 769
What are the prime factors of 554088914?
2, 1487, 186311
What are the prime factors of 106200342?
2, 3, 179, 10987
What are the prime factors of 38109416?
2, 31, 4957
List the prime factors of 135843747.
3, 13, 97, 149, 241
List the prime factors of 2062416943.
2062416943
What are the prime factors of 96477105?
3, 5, 6431807
What are the prime factors of 603169508?
2, 59, 73, 157, 223
List the prime factors of 1025121642.
2, 3, 170853607
List the prime factors of 994626527.
994626527
List the prime factors of 848394846.
2, 3, 13, 3625619
List the prime factors of 44500300.
2, 5, 13, 34231
List the prime factors of 593075627.
37, 16029071
What are the prime factors of 912998756?
2, 228249689
List the prime factors of 29008255.
5, 617, 9403
What are the prime factors of 47665969?
13, 3666613
List the prime factors of 17270039.
17270039
List the prime factors of 18941016.
2, 3, 41, 19249
List the prime factors of 5648083956.
2, 3, 109, 1439369
List the prime factors of 283729580.
2, 5, 139, 102061
What are the prime factors of 3445939567?
7, 1601, 307481
List the prime factors of 567185827.
13, 31, 1407409
List the prime factors of 49037834.
2, 24518917
List the prime factors of 960886146.
2, 3, 11, 14558881
List the prime factors of 1324321226.
2, 7213, 91801
List the prime factors of 39287374.
2, 7, 17, 383, 431
List the prime factors of 181548081.
3, 11, 13, 3617
List the prime factors of 854192423.
7, 23, 5305543
What are the prime factors of 2967575717?
2967575717
What are the prime factors of 93762155?
5, 18752431
What are the prime factors of 6996967453?
7, 999566779
List the prime factors of 3999369387.
3, 13, 103, 995611
List the prime factors of 1343442928.
2, 83965183
List the prime factors of 776430445.
5, 7, 22183727
What are the prime factors of 55221539?
29, 1904191
List the prime factors of 128843943.
3, 107, 199, 2017
List the prime factors of 6239706548.
2, 1559926637
What are the prime factors of 673665759?
3, 13, 5757827
What are the prime factors of 187924153?
2617, 71809
List the prime factors of 133847741.
23, 5819467
List the prime factors of 247039611.
3, 7, 13, 904907
What are the prime factors of 22951949?
79, 290531
List the prime factors of 13052798.
2, 11, 31, 19139
What are the prime factors of 2243561714?
2, 157, 7145101
What are the prime factors of 168552503?
7, 67, 51341
List the prime factors of 1827291845.
5, 19, 257, 74843
What are the prime factors of 5439702957?
3, 13, 137, 883, 1153
What are the prime factors of 52299829?
2213, 23633
List the prime factors of 11241317.
103, 109139
List the prime factors of 28863741.